 units digit of 7829?
9
What is the units digit of 1071?
1
What is the ten thousands digit of 15534?
1
What is the tens digit of 10589?
8
What is the units digit of 12728?
8
What is the hundreds digit of 2444?
4
What is the ten thousands digit of 11728?
1
What is the hundreds digit of 4392?
3
What is the tens digit of 5690?
9
What is the tens digit of 1508?
0
What is the tens digit of 36546?
4
What is the units digit of 12775?
5
What is the units digit of 643?
3
What is the tens digit of 39604?
0
What is the tens digit of 1064?
6
What is the hundreds digit of 19420?
4
What is the units digit of 300?
0
What is the units digit of 329?
9
What is the tens digit of 22738?
3
What is the units digit of 27442?
2
What is the tens digit of 1510?
1
What is the thousands digit of 165804?
5
What is the tens digit of 2635?
3
What is the tens digit of 6974?
7
What is the hundreds digit of 23732?
7
What is the units digit of 3417?
7
What is the thousands digit of 4917?
4
What is the tens digit of 11938?
3
What is the units digit of 1726?
6
What is the hundreds digit of 19014?
0
What is the units digit of 75105?
5
What is the tens digit of 40817?
1
What is the hundreds digit of 2537?
5
What is the hundreds digit of 1020?
0
What is the units digit of 530?
0
What is the hundreds digit of 22321?
3
What is the tens digit of 1183?
8
What is the thousands digit of 36838?
6
What is the units digit of 15687?
7
What is the units digit of 5868?
8
What is the thousands digit of 2378?
2
What is the hundreds digit of 45182?
1
What is the tens digit of 946?
4
What is the thousands digit of 38277?
8
What is the hundreds digit of 52136?
1
What is the hundreds digit of 27671?
6
What is the units digit of 35044?
4
What is the hundreds digit of 4104?
1
What is the tens digit of 16190?
9
What is the units digit of 14917?
7
What is the thousands digit of 1336?
1
What is the tens digit of 734?
3
What is the hundreds digit of 23622?
6
What is the ten thousands digit of 23987?
2
What is the hundreds digit of 3210?
2
What is the hundreds digit of 11086?
0
What is the thousands digit of 8984?
8
What is the units digit of 17012?
2
What is the units digit of 29156?
6
What is the units digit of 529?
9
What is the hundreds digit of 563?
5
What is the tens digit of 12514?
1
What is the tens digit of 32344?
4
What is the hundreds digit of 1540?
5
What is the units digit of 15896?
6
What is the tens digit of 7855?
5
What is the hundreds digit of 1106?
1
What is the units digit of 7474?
4
What is the hundreds digit of 12243?
2
What is the tens digit of 705?
0
What is the thousands digit of 2938?
2
What is the thousands digit of 2795?
2
What is the hundreds digit of 413?
4
What is the thousands digit of 4879?
4
What is the units digit of 561?
1
What is the ten thousands digit of 14113?
1
What is the units digit of 588?
8
What is the hundreds digit of 3283?
2
What is the hundreds digit of 457?
4
What is the hundreds digit of 12354?
3
What is the units digit of 1758?
8
What is the ten thousands digit of 35142?
3
What is the units digit of 4247?
7
What is the hundreds digit of 57398?
3
What is the hundreds digit of 471?
4
What is the thousands digit of 14505?
4
What is the tens digit of 1040?
4
What is the units digit of 9580?
0
What is the hundreds digit of 182?
1
What is the tens digit of 84500?
0
What is the hundreds digit of 540?
5
What is the units digit of 1493?
3
What is the units digit of 5106?
6
What is the tens digit of 43048?
4
What is the thousands digit of 5427?
5
What is the thousands digit of 3322?
3
What is the tens digit of 29737?
3
What is the hundreds digit of 937?
9
What is the units digit of 46?
6
What is the tens digit of 21097?
9
What is the units digit of 174?
4
What is the thousands digit of 1413?
1
What is the hundreds digit of 6721?
7
What is the hundreds digit of 67817?
8
What is the tens digit of 12919?
1
What is the tens digit of 6977?
7
What is the ten thousands digit of 158722?
5
What is the tens digit of 110?
1
What is the hundreds digit of 299?
2
What is the hundreds digit of 54582?
5
What is the units digit of 290?
0
What is the tens digit of 6480?
8
What is the ten thousands digit of 16535?
1
What is the hundreds digit of 8798?
7
What is the thousands digit of 3055?
3
What is the tens digit of 10406?
0
What is the thousands digit of 76137?
6
What is the hundreds digit of 287?
2
What is the tens digit of 20844?
4
What is the units digit of 1862?
2
What is the units digit of 43559?
9
What is the units digit of 15074?
4
What is the hundreds digit of 8271?
2
What is the thousands digit of 8963?
8
What is the units digit of 19861?
1
What is the thousands digit of 1606?
1
What is the hundreds digit of 2641?
6
What is the ten thousands digit of 43804?
4
What is the hundreds digit of 47635?
6
What is the thousands digit of 18771?
8
What is the tens digit of 543?
4
What is the units digit of 3410?
0
What is the hundreds digit of 691?
6
What is the units digit of 2127?
7
What is the thousands digit of 10221?
0
What is the tens digit of 910?
1
What is the ten thousands digit of 61478?
6
What is the hundreds digit of 1372?
3
What is the thousands digit of 1250?
1
What is the hundreds digit of 576?
5
What is the tens digit of 21829?
2
What is the thousands digit of 20727?
0
What is the thousands digit of 3416?
3
What is the hundreds digit of 40122?
1
What is the hundreds digit of 1201?
2
What is the ten thousands digit of 20650?
2
What is the hundreds digit of 74027?
0
What is the tens digit of 5996?
9
What is the hundreds digit of 46476?
4
What is the tens digit of 279?
7
What is the hundreds digit of 2325?
3
What is the hundreds digit of 4025?
0
What is the units digit of 18815?
5
What is the hundreds digit of 798?
7
What is the hundreds digit of 421?
4
What is the units digit of 165?
5
What is the thousands digit of 8695?
8
What is the units digit of 1136?
6
What is the tens digit of 13633?
3
What is the tens digit of 22344?
4
What is the units digit of 2087?
7
What is the ten thousands digit of 38099?
3
What is the tens digit of 136?
3
What is the hundreds digit of 4867?
8
What is the tens digit of 4892?
9
What is the tens digit of 33960?
6
What is the tens digit of 371?
7
What is the tens digit of 5361?
6
What is the units digit of 44208?
8
What is the ten thousands digit of 168849?
6
What is the hundreds digit of 39817?
8
What is the tens digit of 588?
8
What is the units digit of 20031?
1
What is the tens digit of 46978?
7
What is the tens digit of 719?
1
What is the tens digit of 2076?
7
What is the ten thousands digit of 34821?
3
What is the units digit of 4684?
4
What is the tens digit of 100564?
6
What is the hundreds digit of 1357?
3
What is the hundreds digit of 49197?
1
What is the tens digit of 48436?
3
What is the hundreds digit of 2868?
8
What is the hundreds digit of 135454?
4
What is the units digit of 130746?
6
What is the units digit of 4909?
9
What is the units digit of 53875?
5
What is the hundreds digit of 5775?
7
What is the hundreds digit of 1426?
4
What is the units digit of 53140?
0
What is the tens digit of 734?
3
What is the tens digit of 2570?
7
What is the units digit of 8387?
7
What is the units digit of 30835?
5
What is the units digit of 45042?
2
What is the hundreds digit of 122817?
8
What is the thousands digit of 2036?
2
What is the hundreds digit of 2163?
1
What is the tens digit of 8598?
9
What is the ten thousands digit of 14911?
1
What is the hundreds digit of 9333?
3
What is the hundreds digit of 1591?
5
What is the thousands digit of 13062?
3
What is the units digit of 162534?
4
What is the units digit of 741?
1
What is the tens digit of 6171?
7
What is the units digit of 134670?
0
What is the tens digit of 1570?
7
What is the hundreds digit of 482?
4
What is the hundreds digit of 2242?
2
What is the tens digit of 1553?
5
What is the hundreds digit of 8779?
7
What is the units digit of 2410?
0
What is the tens digit of 77135?
3
What is the hundreds digit of 2637?
6
What is the thousands digit of 1517?
1
What is the hundreds digit of 11378?
3
What is the units digit of 817?
7
What is the hundreds digit of 554?
5
What is the units digit of 75767?
7
What is the units digit of 485?
5
What is the hundred thousands digit of 168352?
